 c = -30 + b. Suppose -c*d + 23 = -13*d. What is the remainder when 67 is divided by d?
21
Suppose -2*g - 7 = -5*k, -g = -k - k + 2. What is the remainder when (-2)/(-4)*12 - -2 is divided by k?
2
Let f = -107 + 174. Suppose 0 = -2*j + 25 + 3. Calculate the remainder when f is divided by j.
11
Let u = -488 + 505. Calculate the remainder when 159 is divided by u.
6
Let d(i) = -i**2 - i + 1. Let k(u) = -u**3 + 17*u**2 - 7*u. Let o(m) = 4*d(m) + k(m). Calculate the remainder when 47 is divided by o(12).
15
Let c(k) = -k**2 - 3*k + 50. Calculate the remainder when 103 is divided by c(-8).
3
Suppose -2*m + 58 = -26. Suppose -2*w - 2*s - 68 = 0, 0 = s - 5*s - 12. Let t = w + 53. What is the remainder when m is divided by t?
20
Suppose 0 = -17*c + 80 + 158. Calculate the remainder when 22 is divided by c.
8
Suppose 4*n - 2*h - 17 - 1 = 0, -h = -1. Suppose -5*q + n*t + 1 = -4, 4*t - 2 = 3*q. Suppose u - q = 1. Calculate the remainder when 13 is divided by u.
6
Let t = 355 + -290. Calculate the remainder when t is divided by 56.
9
Calculate the remainder when 0 + (-9)/(-6) - 5/(-2) is divided by 3.
1
Let g = -99 - -104. Suppose -4*m + g*m = -2*y + 126, -3*y + m + 179 = 0. What is the remainder when y is divided by 31?
30
Suppose 3*c - 142 = -5*i + c, -5*c = -3*i + 79. Calculate the remainder when 165 is divided by i.
25
Suppose 0 = y - 6*y + 10. Let x be ((-3)/y)/(2/(-4)). Suppose 12 + 57 = x*q. What is the remainder when q is divided by 13?
10
Let t(m) = -2*m**2 - 19*m + 3. What is the remainder when t(-6) is divided by 7?
3
Suppose 0*u = 3*r - 5*u - 86, 5*r - 190 = -u. Let m be -2 + (-22 - -2) + -2. Let w = m + 44. What is the remainder when r is divided by w?
17
Let z be (1 + 1)/2 + 3. Suppose -z*p = -p - 138. What is the remainder when p is divided by 24?
22
Let t(m) = -m**3 + 8*m**2 - 6*m + 4. Let r be t(7). Suppose -11 + 136 = 5*o. Let v = o - r. Calculate the remainder when 82 is divided by v.
12
Suppose -4*u + 50 + 5 = t, -3*u = 15. Calculate the remainder when t is divided by 19.
18
Let o be (-29 - -2)*2/2. Let z = -47 - o. What is the remainder when 10 is divided by 6/(-5)*z/6?
2
Let b(u) = -u**2 - 9*u - 1. Suppose 5*k = 3*w + 300, -17 = -2*w - 7. Calculate the remainder when k is divided by b(-7).
11
Suppose -4 + 8 = 4*o. Calculate the remainder when -2 + 0 + o - (-198 - -19) is divided by 12.
10
Suppose 2*i = 3*d - 2*d + 20, -43 = -5*i - d. Suppose 2068 = i*r + 88. Calculate the remainder when r is divided by 37.
35
Suppose 30 = c - 3*m, -40 = 4*c + m - 108. Let i(d) = 0 + 23*d - 2 + 3 - 92*d. What is the remainder when i(-1) is divided by c?
16
Suppose 10*q - 1540 = -5*d + 13*q, 5*q = 0. Calculate the remainder when d is divided by 62.
60
Let x = 17 - 17. Suppose x = c - 4 - 26. Calculate the remainder when 59 is divided by c.
29
Suppose 2*h + d = 5, 2*h - 11 + 1 = 4*d. Let y(u) = 30*u - 5. Calculate the remainder when y(h) is divided by 22.
19
Let p(h) = h**2 + 6*h - 11. Let r be p(-8). Suppose -4*g - r*o = -138, -5*g - o = 2*o - 179. Let c = 91 - g. What is the remainder when c is divided by 14?
12
Suppose 9 = 5*l - 76. Let c = l - -2. Let u = 30 - c. What is the remainder when 21 is divided by u?
10
Let a(f) = f**2 + 10*f + 18. Let w be a(-8). What is the remainder when 59 is divided by -39*w*4/(-24)?
7
Let b = -123 + 171. Calculate the remainder when 53 is divided by b.
5
Suppose -5*w = -224 - 51. Suppose -3*j = -8*j + w. Suppose -138 = -5*k + 122. Calculate the remainder when k is divided by j.
8
Let u = -315 + 336. Calculate the remainder when 81 is divided by u.
18
Calculate the remainder when 41 is divided by (26/(-8))/((-3 + -6)/108).
2
Let g(q) = 2*q**3 - 10*q**2 + 8*q - 33. Let z = 20 + 4. Calculate the remainder when z is divided by g(5).
3
What is the remainder when 194 is divided by (1 - (-10)/(-4))*4472/(-156)?
22
Let r(h) = -h**2 - 21*h + 53. Suppose -11*i + 17*i = -132. Calculate the remainder when 120 is divided by r(i).
27
Suppose -5*k = -3*p - 12 - 1, 5*p = -k - 3. Let o(n) = 2*n**3 - 2*n**2 + n. Calculate the remainder when (6 - k)*-1 + 61 is divided by o(2).
7
Suppose 3*s - 12 - 15 = 0. Let p(f) = 5*f - 8 + f - 3. What is the remainder when p(s) is divided by 15?
13
Suppose 5*q = -33 + 118. Suppose -22 = -2*c + 5*d, 0*d + d - 1 = -5*c. Let y = q + c. What is the remainder when 32 is divided by y?
14
Let j = 14 + -9. Suppose 5*w + 42 = u, 0*u + u + j*w = -8. Calculate the remainder when u is divided by 5.
2
Suppose 0*l = -l + 3*i - 4, -3*i + 19 = 2*l. Suppose l*v = -0*v + 480. Calculate the remainder when v is divided by 49.
47
Let f(p) = -p**3 + 28*p**2 - 18*p - 146. Calculate the remainder when f(27) is divided by 17.
12
Suppose -25*j = -34 - 266. Calculate the remainder when 34 is divided by j.
10
Suppose -2*b - 173 = -o, 40 - 404 = -2*o - 2*b. What is the remainder when o is divided by 12?
11
Let a = 34 - 32. Suppose -3*u = -a*d - 0*d + 26, -2*d + 5*u + 26 = 0. Suppose 2*n - 126 = -0*n. Calculate the remainder when n is divided by d.
11
Suppose -47*d = -28*d - 4598. What is the remainder when d is divided by 9?
8
Let d(q) = -q**2 + 5*q + 12. Let o be d(6). Suppose -y + 4*y - 3*x = -o, 2*y - 3*x = -7. What is the remainder when 13 is divided by (-85)/(-10) - y/2?
5
Let m(q) = q**2 + 12*q + 1. Let g be m(-13). What is the remainder when 41 is divided by 12/(-2 + -2) + g?
8
Let h = -2815 + 2820. Suppose 4*r + 36 = 3*a - 64, 5*r + 62 = 2*a. Suppose -a = -6*i + 3*i. What is the remainder when i is divided by h?
2
Suppose -30 = -79*y + 78*y. Calculate the remainder when 837 is divided by y.
27
Let m = 107 + -98. What is the remainder when (435/(-20))/(m/(-24)) is divided by ((-4)/6)/(3/(-54))?
10
Let z(n) = -n**3 - 9*n**2 - 11*n - 9. Suppose -36*w + 28*w + 456 = 0. Calculate the remainder when w is divided by z(-8).
12
Let w(r) be the third derivative of r**6/120 - r**5/60 - r**4/24 + 19*r**3/6 + 7*r**2. What is the remainder when 50 is divided by w(0)?
12
Suppose -3*k + 68 = -3*r + 17, r + 74 = 4*k. What is the remainder when (k + 27)/(4/6) is divided by 24?
21
Suppose -b = -5*g + 10 - 6, 0 = 3*b + 2*g - 22. Calculate the remainder when 13 is divided by b.
1
Let b(x) = 132*x**2 - 6*x - 1. What is the remainder when b(-1) is divided by 43?
8
Let t(d) be the third derivative of 0*d + 0 + 1/20*d**5 - 10*d**2 + 7/6*d**3 + 1/6*d**4. What is the remainder when t(-4) is divided by 10?
9
Let l be (26/4)/((-1)/(-2)). Let y(z) = -2*z + 49. What is the remainder when y(-7) is divided by (l/(-3))/((-3)/9)?
11
Let l = 18 - -3. Let h = -19 + l. Calculate the remainder when h is divided by (-4)/(-22) + (-80)/(-44).
0
Suppose 27 = b + 7. Let z = 24 - 10. Let f = 22 - z. Calculate the remainder when b is divided by f.
4
Suppose 2*z = -z + 18. Let d = 84 + -138. What is the remainder when z is divided by ((-16)/(-6))/((-36)/d)?
2
Let r(a) = a**2 + 10*a. Let d(g) = 9*g. Let k be d(-1). Let h be r(k). Let n = 25 + h. What is the remainder when 43 is divided by n?
11
Suppose s + 40 = -145. Let v = 333 + s. Calculate the remainder when v is divided by 50.
48
Suppose -207 = -d + 3*h, -2*h = -3*d - 208 + 850. Suppose -2*w - w + d = -r, -4*r = -w + 72. What is the remainder when w is divided by 15?
12
Suppose 9*t - 90 - 63 = 0. Calculate the remainder when 778 is divided by t.
13
Suppose 3*q = -1 + 31. Let s(l) = -5 - 7*l - l + l**2 + 3 + 1. What is the remainder when 73 is divided by s(q)?
16
Let m = 125 - 107. Let s be (8/10)/(4/130). What is the remainder when s/3*81/m is divided by 8?
7
Suppose 0 = -4*n + 2*y + 1286, 2*y - 3*y = n - 320. Calculate the remainder when n is divided by 65.
61
Let j = -112 - -204. Let o = j - 65. Calculate the remainder when o is divided by 15.
12
Suppose 5*k + 213 = 2*j, 25*j - k = 26*j - 103. Calculate the remainder when 105 is divided by j.
1
Let w be 2 - ((0 - 32) + 1). Let a be 946/w - (-2)/(-3). Let n = -8 + a. Calculate the remainder when n is divided by 7.
6
Let k be (-2 - -1)*2 - -104. Let w = k + 13. What is the remainder when (-6)/(-9) - w/(-3) is divided by 10?
9
Suppose 0 = 29*o - 25*o - 72. What is the remainder when 151 is divided by o?
7
Let o(b) = 16*b**2 + 11*b + 26. What is the remainder when o(-3) is divided by 20?
17
Let w = 1 - -8. Suppose 28*x - 624 = 2*x. Calculate the remainder when